ands digit of 32622031?
2
What is the tens digit of 106767499?
9
What is the tens digit of 1724748477?
7
What is the tens digit of 116963820?
2
What is the hundreds digit of 46324180?
1
What is the hundreds digit of 32786781?
7
What is the hundreds digit of 162741399?
3
What is the hundred millions digit of 203811663?
2
What is the tens digit of 570915704?
0
What is the hundred millions digit of 3035510380?
0
What is the millions digit of 6818805415?
8
What is the hundred millions digit of 729386273?
7
What is the tens digit of 21465682?
8
What is the hundreds digit of 355421169?
1
What is the units digit of 34937612?
2
What is the units digit of 2049223762?
2
What is the hundreds digit of 58260501?
5
What is the tens digit of 547304728?
2
What is the ten millions digit of 809218081?
0
What is the hundred thousands digit of 253058939?
0
What is the millions digit of 87752004?
7
What is the units digit of 434893123?
3
What is the tens digit of 620983106?
0
What is the millions digit of 39521589?
9
What is the units digit of 905550131?
1
What is the hundred millions digit of 153494135?
1
What is the hundred thousands digit of 239804906?
8
What is the thousands digit of 4764598735?
8
What is the units digit of 105653657?
7
What is the ten millions digit of 133466915?
3
What is the ten millions digit of 485819582?
8
What is the tens digit of 69435134?
3
What is the hundred millions digit of 417641816?
4
What is the tens digit of 132521448?
4
What is the thousands digit of 1662915085?
5
What is the tens digit of 1046615615?
1
What is the tens digit of 2038666372?
7
What is the hundred thousands digit of 262366836?
3
What is the hundred thousands digit of 20913281?
9
What is the tens digit of 1928189187?
8
What is the units digit of 208898117?
7
What is the ten millions digit of 429165115?
2
What is the ten millions digit of 88934866?
8
What is the units digit of 582301331?
1
What is the hundred thousands digit of 54625086?
6
What is the hundred thousands digit of 952447192?
4
What is the thousands digit of 67720813?
0
What is the ten millions digit of 172796003?
7
What is the ten millions digit of 90128195?
9
What is the ten thousands digit of 22424824?
2
What is the tens digit of 75812269?
6
What is the units digit of 164307767?
7
What is the billions digit of 1119287006?
1
What is the millions digit of 4268620985?
8
What is the ten thousands digit of 241108327?
0
What is the millions digit of 41108962?
1
What is the tens digit of 44466166?
6
What is the ten thousands digit of 121169682?
6
What is the hundreds digit of 75917370?
3
What is the units digit of 71195523?
3
What is the ten millions digit of 3268373517?
6
What is the millions digit of 76726968?
6
What is the hundreds digit of 64285133?
1
What is the units digit of 177519832?
2
What is the ten thousands digit of 64968589?
6
What is the ten millions digit of 56752472?
5
What is the ten thousands digit of 187559584?
5
What is the thousands digit of 94740775?
0
What is the hundreds digit of 106373510?
5
What is the units digit of 72199712?
2
What is the hundred thousands digit of 2004616674?
6
What is the hundred millions digit of 407709589?
4
What is the thousands digit of 1858793827?
3
What is the hundred thousands digit of 327748531?
7
What is the units digit of 681216246?
6
What is the hundred thousands digit of 139490293?
4
What is the units digit of 59725666?
6
What is the units digit of 5234251835?
5
What is the thousands digit of 38121796?
1
What is the hundreds digit of 1918568676?
6
What is the units digit of 2156964635?
5
What is the tens digit of 237849728?
2
What is the ten millions digit of 715133389?
1
What is the millions digit of 3039651850?
9
What is the hundreds digit of 103343621?
6
What is the ten thousands digit of 1828651480?
5
What is the ten millions digit of 1361108842?
6
What is the ten millions digit of 61604970?
6
What is the thousands digit of 910859035?
9
What is the ten thousands digit of 2188044404?
4
What is the hundred thousands digit of 233408967?
4
What is the units digit of 6356064177?
7
What is the hundred millions digit of 159860307?
1
What is the hundred thousands digit of 70711954?
7
What is the hundred thousands digit of 2130707393?
7
What is the hundred thousands digit of 53091625?
0
What is the ten thousands digit of 27294?
2
What is the units digit of 1121386251?
1
What is the units digit of 1975140645?
5
What is the hundreds digit of 215787466?
4
What is the millions digit of 823683480?
3
What is the tens digit of 2439128572?
7
What is the ten millions digit of 231544134?
3
What is the tens digit of 93297032?
3
What is the tens digit of 2985268758?
5
What is the ten thousands digit of 1122148998?
4
What is the thousands digit of 7807929?
7
What is the thousands digit of 46084027?
4
What is the hundred thousands digit of 1586515841?
5
What is the billions digit of 4909065449?
4
What is the hundreds digit of 208321179?
1
What is the thousands digit of 52731524?
1
What is the ten millions digit of 54319449?
5
What is the ten millions digit of 188474443?
8
What is the ten millions digit of 5914056685?
1
What is the millions digit of 92694713?
2
What is the thousands digit of 420808982?
8
What is the millions digit of 71415588?
1
What is the hundred millions digit of 1285528770?
2
What is the tens digit of 100639209?
0
What is the hundred thousands digit of 205085947?
0
What is the millions digit of 163656303?
3
What is the ten thousands digit of 746825686?
2
What is the hundreds digit of 8305136?
1
What is the hundred thousands digit of 10732514?
7
What is the units digit of 10301007?
7
What is the thousands digit of 1375248354?
8
What is the hundred millions digit of 136843783?
1
What is the millions digit of 235589785?
5
What is the hundreds digit of 693371017?
0
What is the units digit of 171207638?
8
What is the tens digit of 2494582581?
8
What is the ten millions digit of 1619476042?
1
What is the ten millions digit of 1683846501?
8
What is the millions digit of 727783440?
7
What is the ten millions digit of 3232791841?
3
What is the hundred thousands digit of 68339774?
3
What is the hundred thousands digit of 472446463?
4
What is the thousands digit of 149978941?
8
What is the thousands digit of 52481574?
1
What is the tens digit of 6179820137?
3
What is the thousands digit of 76790828?
0
What is the tens digit of 868389319?
1
What is the hundred thousands digit of 353875990?
8
What is the ten millions digit of 43127810?
4
What is the thousands digit of 716937448?
7
What is the hundred thousands digit of 31476167?
4
What is the tens digit of 80718088?
8
What is the ten millions digit of 1775646048?
7
What is the units digit of 1139175224?
4
What is the hundred thousands digit of 14377765?
3
What is the ten thousands digit of 274976922?
7
What is the millions digit of 1359317458?
9
What is the ten thousands digit of 36338220?
3
What is the ten thousands digit of 894333119?
3
What is the ten millions digit of 52697174?
5
What is the hundred millions digit of 1778858041?
7
What is the thousands digit of 3874382203?
2
What is the tens digit of 113648697?
9
What is the thousands digit of 4570577?
0
What is the millions digit of 130819989?
0
What is the hundred thousands digit of 88174182?
1
What is the millions digit of 65021012?
5
What is the thousands digit of 87592114?
2
What is the hundred millions digit of 784925442?
7
What is the units digit of 999165801?
1
What is the hundred thousands digit of 885111057?
1
What is the hundred thousands digit of 4015188447?
1
What is the thousands digit of 14824460?
4
What is the millions digit of 41512154?
1
What is the millions digit of 46210358?
6
What is the hundred millions digit of 215064293?
2
What is the hundreds digit of 90634888?
8
What is the hundred millions digit of 168803361?
1
What is the ten millions digit of 54930180?
5
What is the ten thousands digit of 3088013058?
1
What is the thousands digit of 25236870?
6
What is the hundred millions digit of 145049948?
1
What is the ten millions digit of 1531382358?
3
What is the millions digit of 49759829?
9
What is the units digit of 284478213?
3
What is the thousands digit of 28744988?
4
What is the millions digit of 43309617?
3
What is the mi